t of 491908?
9
What is the hundred thousands digit of 2660495?
6
What is the hundreds digit of 38906905?
9
What is the units digit of 27513736?
6
What is the ten thousands digit of 2430281?
3
What is the units digit of 705000?
0
What is the units digit of 2603126?
6
What is the hundred thousands digit of 2944433?
9
What is the millions digit of 13579374?
3
What is the hundred thousands digit of 9417934?
4
What is the tens digit of 7811897?
9
What is the tens digit of 1912957?
5
What is the tens digit of 2396370?
7
What is the tens digit of 257044?
4
What is the tens digit of 48055?
5
What is the hundreds digit of 6541788?
7
What is the tens digit of 5499898?
9
What is the units digit of 145424?
4
What is the hundreds digit of 6799151?
1
What is the thousands digit of 743790?
3
What is the tens digit of 62599?
9
What is the millions digit of 15260758?
5
What is the units digit of 5589280?
0
What is the hundred thousands digit of 8894642?
8
What is the hundred thousands digit of 836908?
8
What is the hundreds digit of 682164?
1
What is the tens digit of 12001192?
9
What is the hundred thousands digit of 348785?
3
What is the units digit of 337361?
1
What is the hundred thousands digit of 1203587?
2
What is the hundred thousands digit of 360190?
3
What is the hundred thousands digit of 304077?
3
What is the ten millions digit of 12631910?
1
What is the thousands digit of 103072?
3
What is the ten thousands digit of 4231821?
3
What is the millions digit of 6500163?
6
What is the hundreds digit of 3097647?
6
What is the thousands digit of 135124?
5
What is the hundred thousands digit of 16403354?
4
What is the hundreds digit of 13135175?
1
What is the ten thousands digit of 14696249?
9
What is the hundred thousands digit of 1335609?
3
What is the thousands digit of 81443?
1
What is the hundreds digit of 363747?
7
What is the hundred thousands digit of 323546?
3
What is the hundred thousands digit of 212325?
2
What is the thousands digit of 7448527?
8
What is the tens digit of 180763?
6
What is the ten thousands digit of 15096?
1
What is the units digit of 1898076?
6
What is the millions digit of 14079642?
4
What is the hundred thousands digit of 564700?
5
What is the hundreds digit of 370259?
2
What is the tens digit of 5421056?
5
What is the tens digit of 216872?
7
What is the units digit of 2924984?
4
What is the thousands digit of 8564415?
4
What is the units digit of 627598?
8
What is the tens digit of 7321042?
4
What is the units digit of 105614?
4
What is the tens digit of 22597387?
8
What is the millions digit of 7595998?
7
What is the tens digit of 4136594?
9
What is the millions digit of 16613401?
6
What is the ten thousands digit of 230947?
3
What is the hundreds digit of 85674?
6
What is the ten millions digit of 13454324?
1
What is the units digit of 114511?
1
What is the hundreds digit of 197368?
3
What is the thousands digit of 81824?
1
What is the hundreds digit of 1897873?
8
What is the tens digit of 10776047?
4
What is the ten thousands digit of 186225?
8
What is the thousands digit of 2573042?
3
What is the millions digit of 3592805?
3
What is the tens digit of 265725?
2
What is the units digit of 3207698?
8
What is the units digit of 756201?
1
What is the units digit of 2679342?
2
What is the thousands digit of 1328519?
8
What is the ten thousands digit of 10660024?
6
What is the millions digit of 1032799?
1
What is the units digit of 7591752?
2
What is the thousands digit of 113586?
3
What is the tens digit of 3545911?
1
What is the hundred thousands digit of 897825?
8
What is the hundred thousands digit of 351223?
3
What is the millions digit of 3044193?
3
What is the thousands digit of 36058617?
8
What is the units digit of 4169989?
9
What is the thousands digit of 2358863?
8
What is the hundred thousands digit of 565217?
5
What is the ten thousands digit of 116339?
1
What is the units digit of 36506?
6
What is the ten thousands digit of 47645?
4
What is the thousands digit of 4848007?
8
What is the tens digit of 2191285?
8
What is the units digit of 260888?
8
What is the ten thousands digit of 204855?
0
What is the thousands digit of 9658296?
8
What is the thousands digit of 40094?
0
What is the millions digit of 17164798?
7
What is the thousands digit of 383496?
3
What is the hundred thousands digit of 9298984?
2
What is the hundred thousands digit of 362109?
3
What is the units digit of 420636?
6
What is the thousands digit of 316102?
6
What is the tens digit of 345120?
2
What is the hundred thousands digit of 629410?
6
What is the tens digit of 730869?
6
What is the tens digit of 35349?
4
What is the hundreds digit of 3428094?
0
What is the hundreds digit of 355054?
0
What is the hundreds digit of 3720131?
1
What is the hundred thousands digit of 303704?
3
What is the hundreds digit of 4096106?
1
What is the hundreds digit of 20834328?
3
What is the millions digit of 1235848?
1
What is the units digit of 5979050?
0
What is the hundred thousands digit of 1505661?
5
What is the ten thousands digit of 5484178?
8
What is the units digit of 548578?
8
What is the hundreds digit of 8321647?
6
What is the tens digit of 58562?
6
What is the units digit of 9437766?
6
What is the units digit of 552341?
1
What is the hundred thousands digit of 426295?
4
What is the ten thousands digit of 26093?
2
What is the hundreds digit of 197413?
4
What is the hundred thousands digit of 210143?
2
What is the thousands digit of 81877?
1
What is the ten thousands digit of 5449285?
4
What is the ten thousands digit of 8893074?
9
What is the ten millions digit of 25941072?
2
What is the hundreds digit of 6684694?
6
What is the ten thousands digit of 1857248?
5
What is the tens digit of 7537647?
4
What is the thousands digit of 647061?
7
What is the thousands digit of 1761289?
1
What is the hundred thousands digit of 409790?
4
What is the units digit of 251405?
5
What is the hundreds digit of 3278339?
3
What is the hundreds digit of 52749?
7
What is the hundred thousands digit of 419940?
4
What is the hundred thousands digit of 9138636?
1
What is the hundreds digit of 388586?
5
What is the tens digit of 3541253?
5
What is the ten thousands digit of 225313?
2
What is the hundred thousands digit of 1315769?
3
What is the thousands digit of 29193?
9
What is the thousands digit of 118340?
8
What is the hundreds digit of 79768?
7
What is the hundred thousands digit of 980048?
9
What is the ten thousands digit of 721511?
2
What is the thousands digit of 663758?
3
What is the ten millions digit of 15578614?
1
What is the units digit of 422297?
7
What is the hundreds digit of 19236986?
9
What is the hundreds digit of 126613?
6
What is the tens digit of 4849463?
6
What is the ten thousands digit of 4192256?
9
What is the tens digit of 7217671?
7
What is the tens digit of 2720384?
8
What is the units digit of 186480?
0
What is the thousands digit of 229719?
9
What is the units digit of 203373?
3
What is the hundred thousands digit of 11232029?
2
What is the ten thousands digit of 17297?
1
What is the tens digit of 1056837?
3
What is the hundreds digit of 3340909?
9
What is the tens digit of 396014?
1
What is the tens digit of 6614028?
2
What is the hundreds digit of 186685?
6
What is the millions digit of 3205847?
3
What is the tens digit of 1429666?
6
What is the millions digit of 4075321?
4
What is the tens digit of 1894255?
5
What is the tens digit of 19800454?
5
What is the units digit of 3391777?
7
What is the ten millions digit of 10277353?
1
What is the units digit of 533870?
0
What is the tens digit of 315086?
8
What is the millions digit of 12927573?
2
What is the thousands digit of 6681937?
1
What is the tens digit of 27703?
0
What is the units digit of 3128?
8
What is the hundred thousands digit of 425116?
4
What is the ten thousands digit of 6320745?
2
What is the units digit of 193080?
0
What is the hundred thousands digit of 169170?
1
What is the hundred thousands digit of 9002492?
0
What is the hundreds digit of 2275470?
4
What is the ten thousands digit of 4419818?
1
What is the tens digit of 687135?
3
What is the hundreds digit of 148090?
0
What is the hundred thousands digit of 1851901?
8
What is the tens digit of 2163316?
1
What is the mi